e d*c = -2*p, -2*c - 4*p + 6 = -0*p. Is 5/(c*3/(-51)) composite?
True
Suppose 4*r - 7*r + 5*g + 201 = 0, 5*r = 2*g + 316. Let j = r + -141. Let f = 12 - j. Is f a prime number?
False
Suppose d + 5 = 3*d + 3*k, -2*k - 2 = 0. Suppose -5 = -d*v + 15. Suppose 0 = x - 4*l - 131, -3*l + 104 + 528 = v*x. Is x a composite number?
False
Let y(a) = 5*a**2 - 3*a + 1. Suppose -2*h = h + 12. Let l(q) = -q**2 - 3*q + 7. Let z be l(h). Is y(z) a composite number?
False
Let p be -126 + (-6 - 3)/3. Let w = 218 + p. Is w prime?
True
Let s = -14 - -42. Suppose -l - 6*r + s = -7*r, 2*l = -4*r + 86. Is l a composite number?
True
Let t(y) = 732*y - 10. Let q be ((-1)/(-3))/((-7)/(-63)). Is t(q) a prime number?
False
Is 2366127/141 - 8/188 composite?
True
Let j = 27498 + -18695. Is j composite?
False
Let b = 1 + 9. Let a be (-3)/9 - b/(-3). Let x(r) = 5*r**2 + 2*r - 4. Is x(a) a prime number?
True
Let v(t) = 95*t**2 - 4*t + 4. Suppose -15 = -4*d - 27. Is v(d) composite?
True
Is (0 + 35606)/(21 + -8 + -11) a composite number?
True
Let f be 2 + 30/(-2) + -3. Let c = -30 - f. Is (-4)/c - (-6124)/28 composite?
True
Let i(y) = 230*y**2 - 7*y + 7. Let c be i(1). Let v = c + -19. Is v a composite number?
False
Let q be (81 - 0) + (12 - 9). Let i be 3/((-7)/(q/9)). Is 8*((-13)/4 - i) prime?
False
Let y be 234/12*(-54)/3. Let j = 166 - y. Is j composite?
True
Let j(v) = 53*v**3 - v**2 + v. Let t(q) = q**3 - 9*q**2 - 9*q - 9. Suppose -30 = 3*c - 6*c. Let d be t(c). Is j(d) a prime number?
True
Suppose 5*i - 21 = 2*i. Let a(y) = 347*y + 24. Is a(i) prime?
False
Let j(v) = v + 2. Let b be j(0). Let q be (-4)/b + (1 - -86). Is 1/1*1*q a prime number?
False
Let b = 20142 + -8045. Is b prime?
True
Let j(y) be the first derivative of -y**3 - y**2/2 + 694*y + 11. Is j(0) a prime number?
False
Let z = 38245 - -36564. Is z a composite number?
True
Let r(x) = -260*x**3 - 2*x**2 - 2*x - 1. Is r(-1) prime?
False
Let y(j) = 4840*j**2 - 35*j - 163. Is y(-4) prime?
True
Let n = -57 + 180. Let g = 476 - n. Is g prime?
True
Let l = -4 - 1. Let n(y) = -2*y - 7. Let v be n(l). Suppose 2*t = -10, -2*o - v*t + 20 = -o. Is o prime?
False
Let d(l) be the third derivative of 0*l + 0 - 1/2*l**3 - 4*l**2 - 29/12*l**4. Is d(-2) prime?
True
Let s(b) = 7*b**2 - 2*b. Let q be s(5). Suppose -686*f + 24 = -680*f. Let n = q - f. Is n a composite number?
True
Let u(f) be the first derivative of f**3/3 - 5*f**2/2 + 5*f + 7. Let t be u(5). Suppose 5*g = t*q + 116 + 124, 5*g + 4*q - 285 = 0. Is g prime?
True
Let d = 222 + 356. Suppose 4*f + d = 1998. Is f a composite number?
True
Let j be 35/14*(-14)/(-5). Suppose j*b = 4*b + 921. Is b composite?
False
Let k(f) = -7*f + 38. Let b be k(5). Suppose p + 2*t = 35, 4 = -b*t + 19. Is p a composite number?
True
Let q = -483 + 14620. Is q a prime number?
False
Suppose 2*m + 8608 = t - 8639, -2*t - 2*m + 34470 = 0. Is t composite?
False
Let j = -7 + 10. Suppose 0 = 4*a - j*a - 3. Suppose -2*u - a*m - m + 18 = 0, 0 = -u + 2*m + 29. Is u a composite number?
False
Let t be (2 - 32/3)/(28/(-210)). Let z = t - 42. Is z prime?
True
Suppose 0 = 3*j - 365 - 139. Suppose 0 = 4*a + 2*a - j. Suppose 1 - a = -3*u. Is u prime?
False
Suppose -q - 4*v = -3315, -2*v + 3*v = 2*q - 6594. Is q a composite number?
False
Let g(c) be the first derivative of 62*c**2 + 6*c - 5. Let j be g(3). Suppose -2*h = -4*x + 1648, -2*x + 1206 - j = h. Is x a composite number?
True
Is ((-5868 + 8)/(-5))/2 a composite number?
True
Suppose 4*a = 3*z - 4136, -4*z + 3*a = a - 5518. Suppose -495 = 5*r - z. Is r prime?
False
Suppose -3*x + 12 = -2*a + 2*x, -3*a + 4*x = 4. Suppose 0 = -a*t + 3*g + 781, 3*t + 2*g - 582 = 5*g. Is t a prime number?
True
Suppose 0 = -2*s + 6*s - 48. Let l be (s - 0)/((-2)/9). Let i = 183 + l. Is i prime?
False
Let q be 3/9*(6 + -3). Is 1379 - (-4 - -4 - q - -1) composite?
True
Let k = 57 - 54. Suppose -2*a - 5*z + k*z = -246, 3*a = z + 361. Is a a composite number?
True
Is (-1)/(1/(-20920)) + (-29)/(-29) composite?
False
Let c(w) = -w + 1. Let x(m) = -448*m + 4. Let n(k) = 5*c(k) - x(k). Suppose 0 = -j - 3, -b - 3*j = 7. Is n(b) a prime number?
True
Let v = 2969 + 530. Suppose -988 = -7*p + v. Is p a prime number?
True
Suppose -3*f + 5*r + 29 = -21, 56 = 4*f - 4*r. Suppose f = 5*d, 4*u + d - 54 = -0*d. Suppose q = -0*q + u. Is q a composite number?
False
Let u be (-1)/(-3 - (-34)/11). Let g = u + 6. Is g + 2 + 0 + 134 a prime number?
True
Let m be (214/8 - 0)*-4. Let l = 35 + m. Let j = -39 - l. Is j a prime number?
False
Let r be (0 + -10)*(0 - -1). Is 3/(-6) - 9675/r composite?
False
Suppose -19*s + 20 = -14*s. Suppose -q = 4*r - 18186, 4*r - s*q - 20614 = -2418. Is r composite?
False
Let q = 17 - 13. Suppose -5*w - 4*a = -27, 0 = q*w - 0*a - 3*a - 3. Suppose 0 = -5*t + w*t + 310. Is t a prime number?
False
Suppose 0 = 4*r + 3 - 7, 0 = s - 5*r. Suppose s*c - 1867 = -2*j, -c + 61 = -5*j - 307. Is c composite?
False
Is (113410/(-15))/(10/(-15)) a composite number?
True
Suppose 7900 = 14*a + 2118. Is a composite?
True
Suppose -4*c - 32 = -48. Suppose -988 = c*g - 10424. Is g composite?
True
Is ((-1221)/6)/(4/24*-3) composite?
True
Suppose -4*d + 3*y + 7812 = y, -4*y = -2*d + 3900. Is d a prime number?
False
Suppose 0*y + 5*y = -35. Is 5 + -1 - (y - 86) prime?
True
Let l be (-1)/(-4) + (-2905)/(-28). Let a be 16/l - 5380/(-13). Suppose -3*f + 5*d = -a, -5*d + 12 = -d. Is f a prime number?
False
Let j(f) = 2*f + 36*f**3 + 8 - 37*f**3 - 12*f**2 - 2. Is j(-13) composite?
False
Let k = 58 + -55. Suppose l + s = 1796, l - 5*l = -k*s - 7163. Is l composite?
True
Suppose -5 - 65 = 5*x - 5*c, 2*x = c - 24. Is (5 - (-315)/x)*(-174)/3 a prime number?
False
Let d be 4/2*(7 - -15). Is (65/10)/(-1 - (-46)/d) prime?
False
Let t(i) = 4*i**3 + 2 - 2 - 1 - 3*i - 1 - 2*i**2. Is t(3) a composite number?
False
Let j = -5952 - -11981. Is j composite?
False
Let y(t) = -52 - t + 3*t - 11. Let d be y(0). Is (-471)/(-7) + 18/d prime?
True
Let a be 4 + -22 + (0 - 2). Is (-4232)/a + 6/(-10) composite?
False
Let m(b) = 7*b + 193. Is m(66) a prime number?
False
Is (-6 - -9)/((-5)/((-287900)/12)) prime?
False
Suppose 2*l + 3*j - 76885 = 0, 29*j - 25*j + 76878 = 2*l. Is l a prime number?
False
Suppose q = 2*d - 3*q - 22, 4*d = -3*q. Let p(k) = -d*k + 3 + 10*k**2 + 7*k**3 - 8*k**2 - 3*k**2. Is p(2) a composite number?
True
Let m(q) be the first derivative of 167*q**3/3 - q**2/2 + 3*q - 2. Is m(-3) composite?
True
Suppose -4078 + 1402 = -3*m. Suppose -5*j + 423 + m = 0. Is j a composite number?
False
Suppose 4*u + 2*m - 4654 = 0, 4444 = 5*u - m - 1370. Is u a composite number?
False
Let n(y) = -y + 1. Let a be n(1). Suppose i + 1909 = 5*i - 5*u, 4*i + 3*u - 1933 = a. Is i a composite number?
True
Suppose 5*g + 4*r + 2111 = 0, 5*g - 2*r + 2265 - 148 = 0. Is (5 - (4 - g))*-1 a composite number?
True
Let r(v) = -332*v + 11. Is r(-13) a composite number?
False
Is ((-3)/(-6))/1*-2 + 54 a composite number?
False
Let u = 20 - 16. Let d be (-1)/u + (-40164)/(-16). Is (d/8)/((-1)/(-4)) composite?
True
Let l = -3072 - -4781. Is l a composite number?
False
Let y = -53342 - -81981. Is y a prime number?
False
Let o(w) = 112*w**3 - 9*w**2 + 20*w - 31. Is o(6) a prime number?
True
Let m(i) = i**3 - 2*i**2 + 15*i + 17. Is m(17) composite?
True
Let g be 9/(-12)*-4 + -1. Let o(v) = -2*v + 4. Let p be o(g). Suppose -2*i + 502 = -p*i. Is i a composite number?
False
Let h be (-18)/(-3) + -1 + -3. Suppose 2*s = 0, -6*s = -z - 3*s + h. Suppose z*c = 7*c - 2095. Is c a prime number?
True
Let z(v) = -v**3 - 9*v**2 - v - 10. Let f be z(-9). Let l be 5*(-5)/(-25)*f. Is (-20)/12*111/l prime?
False
Let m be ((-1)/(-2) + 2)/((-1)/(-2)). Suppose 0*b + 4*s = 3*b - 787, b + m*s - 237 = 0. Is b prime?
True
Let j(l) = -228*l + 11. Let d(a) = 7*a**3 + 2*a**2 - a - 2. Let v be d(-1). Is j(v) a composite number?
True
Let k(v) = 9*v - 16. Let w be k(2). Is 4444/12 - w/(-3) a prime number?
False
Let k be ((-108924)/(-16) - 3) + (-3)/(-12). Is -4*2/5*k/(-8) a composite number?
False
Let l(c) = -10 - 30*c**2 + 10*c - c + 31*c**2. Let h be l(-10). Suppose h = 2*r - 286 - 28. Is r composite?
False
Suppose n - 211 = -30. Let b = n + -123. Is b prime?
False
Suppose -h + 14 + 14 = 0. Suppose -5*a = 2*a - h. Suppose -2*k = -a*k + 1942. Is k prime?
True
Let v =